r?
False
Let s = 60689 - 40008. Is s composite?
False
Let z(m) = -2*m**2 + 4*m + 13. Let x be z(4). Let y = -27 + 163. Let u = x + y. Is u composite?
True
Suppose 2195 = 5*s - 630. Is s a composite number?
True
Let d(z) = 13*z**2 - z + 17. Is d(-5) composite?
False
Suppose 2*n + 5*c + 35 = 6*n, -4*c + 8 = 4*n. Suppose 2*o = n*o - 447. Is o a composite number?
False
Let c be -1 - 1 - (-1 - 5). Suppose p + c*z = 27, -5*p + 78 = -p + z. Is p a prime number?
True
Let z(p) = -16*p**3 + 4*p**2 + 3. Let i be z(-3). Suppose 3*g - i = -0*g. Is g a composite number?
False
Let z = -1 - -8. Suppose 45 = 2*l - z. Suppose -d - 118 = -5*i + d, -i + d + l = 0. Is i a prime number?
False
Suppose -3*o + 1 = 7. Let z be (-100)/(-16) + o/8. Is (-74)/(-2*2/z) prime?
False
Let t = 1725 - 818. Is t a prime number?
True
Suppose 0*n - 5*n + 2720 = 0. Is 9/15 - n/(-10) prime?
False
Let o = -13 - -18. Let v(y) = y**3 + y**2 - y + 420. Let h be v(0). Suppose o*l - h - 325 = 0. Is l a prime number?
True
Let z be -6*2/(-4) - 2. Let g = 4 - z. Is (g/(-9))/(2/(-318)) a composite number?
False
Let w = -6 - -17. Suppose 8*x + 993 = w*x. Is x a composite number?
False
Let d(m) = -4*m. Let w be d(-1). Is (-573)/(-5) + w/10 prime?
False
Let i(u) = u**3 - 4*u**2 - 4*u - 7. Let r be i(5). Is r*(-1)/(-4)*-422 prime?
True
Let h(c) = 3*c**2 + 8*c - 8. Let s be h(6). Let u = 43 + s. Is u composite?
False
Suppose -4*l + 1067 + 761 = 0. Suppose 0 = -p - 150 + l. Is p a prime number?
True
Suppose 4*f = 7*f. Suppose f = -3*u + u + 44. Is u a composite number?
True
Let b(s) = -36*s - 2. Let u be b(-3). Suppose l = -5*d + 2*d + u, 2*l - 72 = -2*d. Is d a prime number?
False
Let m = 203 - 140. Suppose 21 = -2*x + m. Is x a composite number?
True
Suppose -3*p + a = -1012 + 21, 4*p + 5*a = 1353. Let n be 2/((-792)/(-398) - 2). Let j = n + p. Is j a composite number?
True
Let j = 1924 + -767. Is j a composite number?
True
Suppose 0 = -0*d + 14*d - 8596. Is d composite?
True
Let f(a) = 1163*a**2 + 2*a + 1. Let g be f(-1). Let n = g + -665. Is n composite?
True
Suppose -4*v = v - 95. Is v composite?
False
Suppose 3*c = 0, c = -t + 3*c + 69. Suppose l + 143 = 2*y, -3*y + 2*y = 2*l - t. Is y prime?
True
Is (3 + 938/6)*18/12 prime?
True
Suppose 0 = 5*n - 2*n - 1905. Suppose n = -h + 6*h. Is h composite?
False
Let b(m) = m**2 - 3*m + 4. Let n be b(6). Let v be (-48)/(-22) + (-4)/n. Suppose 0 = -q, -h + v*q + 0*q = -21. Is h a prime number?
False
Let a = -84 + 173. Is a a prime number?
True
Let o be -3 - 63*(0 + -3). Suppose -u = -4*u + o. Is u prime?
False
Suppose -3*m - 6 = -4*m. Let f be (-13)/3 - (-2)/m. Is (-66 + 1)/(f - -3) prime?
False
Let w be 175/14*(-16)/(-5). Suppose 0 = -3*g - 5*j + 192, -j - w = -2*g + 75. Is g a composite number?
False
Let g(f) = 2*f**2 + 23*f + 17. Is g(-18) composite?
False
Suppose 0*k = -4*k. Suppose -5*w + 4*w + 67 = k. Is w a prime number?
True
Let b(s) = -13*s + 12. Is b(-5) composite?
True
Let j = 29 - 58. Let r = 138 + j. Is r a prime number?
True
Let y be (-4)/(-8)*-6*2. Let n(b) = -b + 1. Let f be n(y). Suppose -4*o - 3*i = -557, -2*o + 3*i - 700 = -f*o. Is o composite?
True
Suppose -67 = -3*r + 410. Let s(p) = -p - 2. Let w be s(0). Is w*r/6*-1 a prime number?
True
Suppose -u + 42 = -3*u. Let o be u/(-9) - 2/6. Is 2/(2/9) + o a prime number?
True
Suppose -46 + 223 = t + 3*w, -5*w + 357 = 2*t. Suppose 2*u + t = -0*u. Is u*((-21)/9 + 2) a composite number?
False
Let v = -792 + 1345. Is v a prime number?
False
Suppose -k + 5 = p, 0 = 2*k - 0*k - 4. Suppose b = 3*y + 38, -p*y - y - 80 = -2*b. Suppose -2*i + b = 2*i. Is i a composite number?
False
Let o(k) = -k**3 + 4*k**2 - k - 2. Let m be o(2). Suppose u + 4*y = 259, -u + 4*u - 753 = -m*y. Is u a prime number?
False
Suppose -w + 3*y = 2*w - 5532, 2*w - 4*y - 3682 = 0. Is w a prime number?
True
Let d = 2013 - 184. Is d composite?
True
Let r be (-345)/(3/(-3)) - 0. Suppose -x = 2*x - r. Is x prime?
False
Suppose -2*u + 3*u = 0. Suppose 3*n + 0*n - 417 = u. Is n composite?
False
Let k(f) = -f**3 + 4*f**2 - 2*f - 2. Let w be k(2). Let i(b) = -b**w - 10 - 15*b + 4*b + 0*b**2. Is i(-8) prime?
False
Suppose -11 + 131 = 5*g. Let k = 148 - g. Is (k/6)/((-6)/(-45)) prime?
False
Suppose f = 2*f - 3. Let v be 2/f - 20/(-6). Suppose -v*y = -4 - 24. Is y a prime number?
True
Let v(h) = -h**3 - 9*h**2 - 8*h - 7. Let i be v(-8). Let m = i - -10. Is 44/m*(-3)/(-2) prime?
False
Suppose 0 = 5*w - 3*l + l - 1321, 2*w + 5*l - 511 = 0. Is w composite?
False
Let b be (-10)/2*5/(-5). Is 0/2 + (b - 1) a composite number?
True
Suppose 55 = 2*v + 21. Suppose -2*m + v = -25. Is m a prime number?
False
Let o(n) = -n + 27. Let b(c) = -c + 14. Let f(v) = 5*b(v) - 3*o(v). Is f(-11) a composite number?
False
Let g = 10963 + -5810. Is g composite?
False
Suppose 5*m - 1049 = 2336. Is m composite?
False
Is 2/(-3 - -7)*286 composite?
True
Suppose 4*i + 267 - 3335 = 0. Is i composite?
True
Let m(k) = 10*k**2 + 10*k + 1. Let d be m(-9). Suppose -4*w = -3*c + 935, 0 = 2*c - 2*w - d + 95. Is c a composite number?
False
Suppose 5*c - 3*b = 100 - 33, -48 = -4*c + b. Let a = 10 + c. Is a prime?
False
Let w(r) = -2*r. Let s be w(1). Let l(m) = m**3 + 4*m**2 + 4*m + 3. Let v be l(s). Suppose 0 = -5*y - 4*o + 4, 4*y - v*o + 3 = 31. Is y a prime number?
False
Let a(t) = t + 16. Let d be a(-7). Is 8/36 + 349/d a composite number?
True
Let s(m) = -m**3 + 6*m**2 - 5*m + 4. Let j(q) = -q**2 + 5. Let l be j(0). Let z be s(l). Is 42/4*z/3 a composite number?
True
Let v = -87 + 156. Is v prime?
False
Suppose -x + 2189 = -1964. Is x a prime number?
True
Suppose 3*j - 130 = j. Is j a prime number?
False
Suppose -4*f + 188 = 68. Suppose 5*m + 0 = -f. Is (-2 + m/8)*-4 a composite number?
False
Let q(j) = -21*j + 3. Let t be q(-4). Let z = t - 40. Is z prime?
True
Let b(k) = k**3 - 19*k**2 + 3*k + 22. Is b(19) composite?
False
Let v(q) = -1888*q + 21. Is v(-5) a prime number?
True
Let r(h) = -5*h**3 - 1. Let d = -2 - -1. Let t be r(d). Suppose -4 = -t*v + 2*v. Is v a composite number?
False
Let h = 6 + -2. Let w be 3/(-12) + (-3)/h. Is (-40)/(-4) - 1/w composite?
False
Suppose 0 = 6*p - 2*p - 16. Suppose -p*h + 62 = -90. Is h a composite number?
True
Let y(v) = 3*v**2 - 2*v + 13. Let j be y(9). Let r = j + -81. Is r composite?
False
Suppose 0*a = -5*s + 4*a + 9, -2 = 2*s + 4*a. Let v be -5*13/(-1)*s. Suppose 0*c = c - v. Is c prime?
False
Suppose g - 3 - 1 = 0, 3*g = 5*m - 5203. Is m a composite number?
True
Let k be (-191)/2 - 1/(-2). Let l = k + 150. Is l prime?
False
Suppose 0*p + 4 = p. Suppose -u + 20 = p*u. Is u a prime number?
False
Suppose -4*w - 1344 = 5*c - 5119, -4*c - 5*w = -3029. Is c composite?
False
Let d(x) = 7*x + 1. Let z be d(1). Is 1*z*93/12 a composite number?
True
Suppose 59*l = 56*l + 1599. Is l a prime number?
False
Let s = 22 - -5. Suppose -57 - s = 4*k. Is (-116)/(-6) + 7/k composite?
False
Let w(d) = 7*d + 16. Is w(21) a prime number?
True
Suppose -w + 9 - 7 = 0. Suppose -w*j + 442 = 40. Is j a composite number?
True
Let x(i) = -10*i - 3. Let l be x(-2). Let w be (-4)/(-6) - 44/(-6). Let f = l - w. Is f a prime number?
False
Suppose -3 - 7 = -5*w. Suppose w*m - s - 24 = 0, -m + 12 = m - 4*s. Suppose -3*n = -f - m, 0*n - f = 4*n - 7. Is n a composite number?
False
Suppose -r - 1 = -0*r. Is (-26)/(((-1)/(-1))/r) prime?
False
Let n(g) = 464*g**2 + 4*g + 5. Is n(-2) a composite number?
True
Let c = -78 - -337. Is c a composite number?
True
Suppose 0 = -0*h + h + 31. Let m = 62 + h. Is m a prime number?
True
Let b be 1*-2 - (-66)/11. Suppose 5*k + 5*r = 1100, -b*r - 1127 = 2*k - 7*k. Is k composite?
False
Suppose 4*x = -0*x - 16, -3*x - 80 = -4*q. Let h(a) = a - 29. Let w be h(19). Let g = q + w. Is g prime?
True
Let r = 12 + -7. Let y = -3 - r. Is 0 + (-4)/(y/154) a composite number?
True
Let x = -1 - -3. Suppose y - 34 = 3*o, -2*y = -7*o + x*o - 70. Suppose -5*u + 155 = y. Is u a composite number?
False
Let v be 0/(-1) + 4/2. Suppose -v*i - 2*i = -12. Suppose -16 = -y - i*y. Is y a composite number?
True
Let t(f) = f - 5. Let r be t(7). Suppose r + 0 = j. Suppose 2*z + j*x - 526 = 0, -2*z + 1056 = 2*z + 5*x. Is z prime?
False
Let r = 8 + -5. Suppose r*i + 12 = 681. Is i composite?
False
Let w(p) = p + 7. Let l(g) = 2*g - 10. Suppose 0 = 5*m + 2